o + 2*w, w = -5*o + 2*w + p. What are the prime factors of o?
5, 53
Let j = 378 + -317. List the prime factors of j.
61
Suppose 0 = 2*s - 5*s. Suppose 4*n - x - 213 = s, -3*x = -n - 8*x + 27. What are the prime factors of n?
2, 13
Let d(i) = -i**2 - 38*i - 134. What are the prime factors of d(-25)?
191
Suppose -3*n - 3*x - 82 = -1792, -n + 595 = -4*x. List the prime factors of n.
5, 23
Let m = 62 - 54. Suppose -342 = m*r - 27*r. What are the prime factors of r?
2, 3
Let l be 2*(12/(-78) - 34/(-52)). What are the prime factors of (-13)/l*(-14 - (-3 + 2))?
13
Let u(g) = 933*g - 22. List the prime factors of u(2).
2, 461
Suppose 5*a - 24 = -5*s - 84, -3*a = -6. What are the prime factors of 39 - ((-69)/(-161) - 8/s)?
2, 19
Suppose -3*z = 318 - 2574. List the prime factors of z.
2, 47
Let w = -13 - -17. Suppose -w*s = -9*s + 140. Suppose -4*b + 24 + s = 0. List the prime factors of b.
13
Suppose -25*s = -30*s + 3*n + 18444, -4*n = -3*s + 11062. What are the prime factors of s?
2, 3, 5, 41
Suppose -9*h + 1703 = 4*h. Let g = h - 83. List the prime factors of g.
2, 3
Let l be (1 - 59/1) + -3. Let j = 70 + l. List the prime factors of j.
3
Let f be 18/4 - 7/14. Suppose 91 + 101 = f*m. What are the prime factors of m?
2, 3
Suppose -9*o - 2*o + 825 = 0. What are the prime factors of o?
3, 5
Let g = 178 + -72. What are the prime factors of g?
2, 53
Let l(h) = -h - 12. Let j be (-11)/1*(0 - -1). Let x be l(j). List the prime factors of x*(1 + -2) - -19.
2, 5
Suppose -2*z + 5*a = -43, 0 = -5*z - 4*a + 120 + 70. Let s = -15 + z. What are the prime factors of s?
19
Suppose 5*c - 6 = p, -4*c - p + 5 = -7. Suppose -2 - 16 = -c*o. Let x = o + -6. What are the prime factors of x?
3
Let n = 1164 - 680. Let z = n + -147. List the prime factors of z.
337
Let y = 36 + -28. Let z be 3*(0 - (-1 + 0)). Suppose y - 83 = -z*j. List the prime factors of j.
5
Let l(w) = -5*w**2 + 7*w. Let a be l(2). What are the prime factors of ((-852)/15)/(a/15)?
2, 71
Suppose 4*q + 12 = 0, 12949 = 5*z - 4*q + 4227. What are the prime factors of z?
2, 13, 67
Let g(v) = -4*v - 19. Let m be g(-8). Suppose -m*x = -8*x - 65. List the prime factors of x.
13
Let u be -309*1/(-9)*3. Suppose 0 = -2*q - z + 138 + u, 4*z = 4. What are the prime factors of q?
2, 3, 5
Let r be (-3 + 7 - 1)*20/12. Suppose 0 = -r*p - 5*j + 15, -9 = -3*p + 4*j + j. What are the prime factors of p?
3
Let c(w) = w**2 - w + 1. Let k(b) = b - 5. Let i be k(8). Let v(f) = -f**2 + f + 2. Let y be v(i). What are the prime factors of c(y)?
3, 7
Let r(n) = -n**3 - 7*n**2 - 3*n + 8. Let w(q) = -q**3 - 9*q**2 + q + 11. Let f be w(-9). Let i = -5 - f. What are the prime factors of r(i)?
29
Suppose 28*u + 3*l - 231 = 27*u, 4*l - 1199 = -5*u. List the prime factors of u.
3
Suppose -2*q - 2*j - 9326 = -6*q, -4*j + 2354 = q. List the prime factors of q.
2, 3, 389
Suppose 6 = 3*d - 27. Let v = 9 - d. List the prime factors of v/(-4) + 91/14.
7
Suppose 0 = -4*l + 5*r + 81, 3*r - 108 = -4*l - r. Let k be (4 - (-2 + 6))/(-1). Suppose k*v + 3*v - l = 0. List the prime factors of v.
2
Let q(g) = -29*g - 25. Let x be q(-10). Let r = x - 156. List the prime factors of r.
109
Let o(s) = 69*s**3 + s**2 - s - 6. List the prime factors of o(3).
3, 23
Let d = 6320 + -2224. List the prime factors of d.
2
Suppose 0 = -3*v - 3*r - 6, -8*v = -3*v - 2*r + 17. Let q = 118 - v. List the prime factors of q.
11
Suppose -30 = -r + 204. List the prime factors of r.
2, 3, 13
Suppose 15*h - 5*h = 10410. List the prime factors of h.
3, 347
Suppose 3*j - 1301 = -h - 441, 0 = h + 2*j - 858. List the prime factors of h.
2, 7, 61
Let u(m) = 9*m + 7. Let p be u(5). Let r = -25 + p. What are the prime factors of r?
3
Let f = -3 + 9. Let q(j) = j**2 - 4*j - 8. Let r be q(f). Suppose 3*m = m + 3*z + 19, 45 = r*m + z. What are the prime factors of m?
11
Let d(t) = t**2 - 10*t + 2. Let s be d(8). What are the prime factors of s/((-3)/(-4) + -1)?
2, 7
Suppose -42*a - 12146 + 138944 = 0. What are the prime factors of a?
3019
Let k be ((-8)/(-20))/((-7)/105). Let s be 2/(1/3 - 1). List the prime factors of 4*(171/k)/s.
2, 19
Let r = -298 + 446. Let u = r + -78. What are the prime factors of u?
2, 5, 7
Suppose 0 = -2*k + 4, -4*v + 4*k - 5*k = 14. Let g be 136/1 + 7 + v. Let h = g - 98. What are the prime factors of h?
41
Suppose -58*y + 56*y + 8498 = -3*d, 2 = -d. What are the prime factors of y?
2, 11, 193
Let d(h) = -2*h - 8. Let r be d(-7). Suppose 0 = -r*b + 10*b - 92. List the prime factors of b.
23
Let o = -835 - -1835. List the prime factors of o.
2, 5
Suppose -2*h + 5*k = -0*h + 9, -h - 4*k + 15 = 0. Suppose 2*l - h*b = 2*b + 141, -53 = -l - b. What are the prime factors of l?
2, 29
Suppose x + 7*p = 4*p - 5, 5*x + 5*p - 5 = 0. Let k be x/24 - 382/(-12). Let u = -16 + k. List the prime factors of u.
2
Suppose 0 = 5*x - 2*r + 726, 7*r - 5*r - 142 = x. What are the prime factors of 1/1*x/(-2)?
73
Let l(s) = s**2 + 15. Let k be l(0). Suppose 2*n + 13 = -3*o, -k = -2*n + 4*o + 7. Let f = 23 + n. What are the prime factors of f?
2, 3
Let j(f) = -556*f - 21. What are the prime factors of j(-1)?
5, 107
Let w(k) be the second derivative of 20*k**3 + 6*k**2 - 2*k. Let h be w(-10). What are the prime factors of 4/10 + h/(-30)?
2, 5
Let k(w) = -2*w**3 + 26*w**2 - 21*w - 14. Let b(i) = i**2 - i. Let m(o) = -3*b(o) + k(o). List the prime factors of m(10).
2, 53
Let v = -26 - -29. Let k(h) = -h**3 + 2*h**2 + 4*h. Let m be k(v). Suppose 0*x + m*x - 151 = 2*a, 3*a + 109 = 2*x. List the prime factors of x.
47
Suppose 0*a - 554 = -2*a. Suppose 0 = -4*r - 3*j + a + 42, -5*r + 391 = -4*j. Let w = r - 43. What are the prime factors of w?
2, 3
Suppose -5*p - 83 = 2*r - 0*p, -r + 3*p = 47. Let j = r + 76. What are the prime factors of j?
2
What are the prime factors of 1124*9*(-1)/(-18)?
2, 281
Let q(v) = v**2 - 11*v + 13. Let k be q(10). Suppose 2*r - 37 = -4*h - h, k*h = -r + 20. List the prime factors of r.
11
Let h be 12*4/6*(-2952)/(-64). Let o = -215 + h. List the prime factors of o.
2, 7, 11
Let s(h) = -2*h**3 - 2*h**2 - 4*h - 6. Let k be s(-2). Suppose -k*z + 165 = -7*z. What are the prime factors of z?
5, 11
Let z = -135 + 126. List the prime factors of z*(11 + -5)*-2.
2, 3
Suppose 0 = 4*k - 13*k + 12222. List the prime factors of k.
2, 7, 97
Let q = 1023 + 716. List the prime factors of q.
37, 47
Let n be ((-2)/3*24)/(-2). Suppose 4 = x - 3*b - 1, 2*x - n = 4*b. Suppose 8 = x*t - 0*t. What are the prime factors of t?
2
Suppose 11*z - 15*z = -8. Suppose -133 - 114 = -3*l + k, 0 = -z*k + 4. What are the prime factors of l?
83
Let c be ((-9)/3)/((-2)/2). Suppose 3*x - 150 = -2*x + c*t, -4*x + 120 = t. List the prime factors of x.
2, 3, 5
Suppose 10 = -2*o - 3*a, -5*a + 1 = o - 1. List the prime factors of (-76)/(-1) - (o - -6).
2, 3, 13
Let i(m) = 5*m + 4. Let d be i(-8). Let l be d/(-8)*(-4)/6. List the prime factors of ((-10)/(-25))/(l/(-180)).
2, 3
Let m be ((-3)/(-9))/(2/12). Suppose 22 = m*t - f, 3*t + 2*f - 45 = -19. List the prime factors of (28/t)/((-1)/(-10)).
2, 7
Suppose w + 1 = -3*a + 5, -5*w + 5*a + 20 = 0. Suppose 0*z - w*z + 2*j + 602 = 0, 286 = 2*z - 4*j. What are the prime factors of z?
3, 17
What are the prime factors of (-219 - -124)*-16*(-19)/(-10)?
2, 19
Let f = -115 + 67. Let r = 316 + f. What are the prime factors of r?
2, 67
Let t = 659 - 646. What are the prime factors of t?
13
Suppose -i = l - 61, 0 = 5*i - 0*i - 2*l - 291. List the prime factors of i.
59
Let a = -381 + 486. List the prime factors of a.
3, 5, 7
Suppose -2*j + 599 + 179 = 0. List the prime factors of j.
389
What are the prime factors of 92*(-6 - (-497)/28)?
23, 47
Suppose 3*z - 2*x - 823 = 1886, -3632 = -4*z - 4*x. What are the prime factors of z?
5, 181
Let n = 3247 - 2138. What are the prime factors of n?
1109
Let t be -2*(3 - 7) + 4/(-4). Suppose t*w + 2*w = 1611. What are the prime factors of w?
179
Suppose 578 - 86 = 41*v. Let p(w) = -5*w**2 - 28*w - 19. Let d(n) = -3*n**2 - 14*n - 9. Let c(f) = 7*d(f) - 4*p(f). What are the prime factors of c(v)?
37
Let r = -18 + 20. Suppose -r*p + 0*p = -2*d + 14, 4*d - 24 = 3*p. Suppose -2*m + d*b = -25 - 9, 51 = 3*m - 2*b. What are the prime factors of m?
17
Let o(t) = -t**2 - t + 12. Let x be o(-8). What are the prime factors of (-1562)/x*-2*(